
Let m(u) be the first derivative of 6*u**2 - u + 26. Give m(1).
11
Let k be (52/6)/((-8)/12). Let v = -13 - k. Let n(o) = o - 9. Calculate n(v).
-9
Let b(p) be the first derivative of -p**4/12 - p**3/2 - p**2 - 3*p + 3. Let i(z) be the first derivative of b(z). Give i(-2).
0
Suppose 4*m - 6*m = 6. Let z(y) = -y**2 - y + 1. Let s be (-2)/(-2*1/2). Let q(b) = b**2 + 2. Let v(p) = s*z(p) + q(p). What is v(m)?
1
Let w(g) = g - 11. Let o be (-2)/5 + 235/25 - -2. Give w(o).
0
Let y(n) be the third derivative of -n**5/60 + n**4/24 + n**3/3 - 5*n**2. Determine y(-2).
-4
Let k = -12 - -20. Let j(b) = -2*b + b**3 + 4*b + 0*b**3 - k*b**2 + 7*b**2. Determine j(2).
8
Let u be (10/4)/(3/6). Let k(v) = -v**3 + 5*v**2 - 3*v + 1. Give k(u).
-14
Suppose 0 = 2*v - 4*r - 18, r + 0*r + 9 = v. Let l(a) = 2*a - a - a**3 - 5*a**2 + v - 2. Suppose -c = -2*c - 5. Determine l(c).
2
Let b(y) = -y**3 - 2*y + 3. Suppose 0 = -4*f + 3*f + 2. What is b(f)?
-9
Suppose -5*m + 2*x = -14, 0 = -4*m + 2*x - 0 + 10. Let u(c) = -c**3 + 4*c**2 + 2*c - 3. What is u(m)?
5
Let n = 1 - -2. Let f(t) = t - 3. Calculate f(n).
0
Let s(i) = -8*i**3 - 2*i**2 + 2. Let u(z) = -7*z**3 - z**2 + z + 1. Let l(x) = -6*s(x) + 7*u(x). Calculate l(6).
1
Let p be (-2)/(-1)*(-63)/(-14). Let q(o) = o**3 - 10*o**2 + 7*o + 12. Give q(p).
-6
Let f(r) = 13*r**2 - 1. Let x(w) = 25*w**2 - 3. Let q(b) = 5*f(b) - 2*x(b). Let l(g) = 75*g**2 + 6. Let o(m) = -2*l(m) + 11*q(m). What is o(-1)?
14
Let b(g) = 2*g - 10. Let o = 54 - 46. Calculate b(o).
6
Suppose -d - 6 - 5 = 5*l, 2*l + 2 = 2*d. Let f = l + 5. Let t(i) = -3*i**2 + i**2 + i**3 + 0*i + 2 - 2*i. Give t(f).
5
Suppose -4*f = -n - 4, -2*f + 2*n = 4*n - 12. Let c(v) = 4*v**2 - 5*v**f - 2 - 5*v + 4 + 4*v. What is c(2)?
-4
Suppose -15 = -44*v + 39*v. Let j(a) be the second derivative of 1/4*a**4 - 1/20*a**5 + a**2 + 0 - a - 1/2*a**v. Give j(3).
-7
Let h(v) = -v**2 - v + 1. Let t(g) = g**3 - 3*g**2 + 4*g - 3. Let n(y) = -y**2 + 6*y - 3. Let x be n(5). Let k be t(x). What is h(k)?
-1
Let k(n) = -6*n - 1. Let a(r) = r**2 - 8*r - 6. Let g be a(9). What is k(g)?
-19
Let v(q) be the second derivative of q**3/6 + q**2 + 41*q. Determine v(5).
7
Let k(c) = -c - 1. Suppose 4*y + s - 4*s + 19 = 0, s + 24 = -3*y. Let n = y + 11. Let i be 4/(-2) - (n + -1). Give k(i).
4
Let p(n) = 2*n**3 + 8*n**2 - 13*n + 5. Let r(y) = -y**3 - 4*y**2 + 6*y - 2. Let x(v) = 6*p(v) + 13*r(v). Let a(d) = 4*d. Let c be a(-1). Give x(c).
4
Suppose -3*l - l = -36. Suppose 0 = -5*f + l*f + 12. Let k be (1/1 - 0) + f. Let w(h) = -h**3 + 4*h + 3. Calculate w(k).
3
Let j = 7 - 7. Let l(y) = -5*y**2 + 11*y + 34. Let x(d) = -d**2 + 2*d + 7. Suppose 26 = z + 3*n - 0*n, -5*n = -3*z + 8. Let r(m) = z*x(m) - 2*l(m). Give r(j).
9
Suppose -15 = -4*q + q. Let r be (12/4)/(3/q). Let o(p) = 0*p + p**2 - 4*p + 0*p - 1. Determine o(r).
4
Let z(l) = l**2 - 6*l - 2. Let y(q) = -q**3 - 12*q**2 + 26*q - 21. Let i be y(-14). Determine z(i).
5
Let i(w) = 6*w**2 - w**3 + 2*w**2 - w - 5*w**2. What is i(2)?
2
Suppose 2*z - 34 = 4*z. Let p = 11 + z. Let x(m) = m + 2. Determine x(p).
-4
Let v(f) = -f. Let s(c) = -3*c - 27. Let h be s(-8). Give v(h).
3
Let x(w) = -w + 8. Suppose 4*d = -2*s + 7 + 3, 3*s = 3*d - 21. Let v(n) = -n**2 + 5*n - 2. Let j be v(d). Suppose -g = -j*g. Determine x(g).
8
Let n = -2 - -5. Let z(i) = -n*i + 2 + 5 - 3*i**2 + 2*i**2. What is z(-5)?
-3
Let c(z) = z**3 + z**2. Let n(w) = -3*w**3 - 5*w**2 - 13. Let b(p) = -4*c(p) - n(p). Determine b(0).
13
Let p(f) = -f**2 - 7*f - 6. Let s = -53 - -88. Suppose -4*y - y - 3*o = s, -4*y + 3*o = 1. Give p(y).
6
Suppose -7*s - 21 + 56 = 0. Let o(z) = -z**3 + 5*z**2 + 3*z - 3. Give o(s).
12
Let a(l) be the third derivative of l**4/24 + l**3/3 - 2*l**2. Let b be -2 + 6*5/2. Let c = -10 + b. Determine a(c).
5
Let d be -1 - -3*4/(-6). Let w(k) = -k. Let q(o) = 7*o - 1. Let s(n) = -q(n) - 5*w(n). Calculate s(d).
7
Let f(m) = 4*m + 120. Let q be f(-29). Let z(s) = 3*s**2 - 6*s + 5. What is z(q)?
29
Let d(g) = -2*g**2 - 9*g - 4 + 14*g - 12*g + g**2. Let f = -8 + 3. Let j = -10 - f. Determine d(j).
6
Let d(x) = -x - 6. Let z = -16 - -24. Suppose y = -9 - 2. Let i = y + z. Give d(i).
-3
Let h(q) = -2*q**3 + 2*q**2 - 7*q - 4. Let d(j) = j**3 - 2*j**2 + 6*j + 3. Let x(y) = 3*d(y) + 2*h(y). What is x(-3)?
-2
Let g(y) = 3*y - y - 3*y + 7 - 1. Give g(6).
0
Suppose 5*j + 5*f - 15 = f, -2*j + f = -6. Let t(o) = 1 - j*o - 4*o**2 - 4*o + 3*o**2. Give t(-6).
7
Suppose 2*k - 10 = -3*k. Let u = 5 - k. Let x(d) = -2*d**2 - 2 + 1 - d**u + 5*d - d**2 - d**2. What is x(-5)?
-1
Let t(p) = -p**2 + 2*p - 4. Let v(m) = -m**2 + m - 4. Let k(o) = 3*t(o) - 4*v(o). Determine k(-4).
12
Let l(o) = -o**2 + o. Let b(q) = -q**2 + 1. Let v(x) = -b(x) + 2*l(x). What is v(2)?
-1
Let n(k) = k - k**2 + 0*k**2 - k**3 + 0*k**2. Let y(w) = -w**2. Let g be y(0). What is n(g)?
0
Let b be -1*4/(-5 - -1). Let g(n) = -5*n**2. Let y(o) = -2*o**2. Let j(s) = -6*g(s) + 14*y(s). Give j(b).
2
Let x(r) = 5*r**3 - 2*r**2 - 2*r - 1. Let u = 2 - -2. Suppose -3*o + o = -i - 32, 43 = 3*o + i. Suppose 0 = -5*b + 3*n - 20, -u*n + 5 = -o. Calculate x(b).
-6
Let c(s) = 3*s + 23. Let w be c(-6). Let n(d) = -d + 1. What is n(w)?
-4
Let a(w) = -w**2 - 6*w + 7. Let j(g) = g**3 + 5*g**2 - 7*g - 6. Let t be j(-6). Suppose t = y + y + 12. Give a(y).
7
Let o be -1 + 1 + 1 - -19. Let d be ((-24)/o)/(2/10). Let j(z) = z**3 + 7*z**2 + 7*z - 3. Calculate j(d).
-9
Let g(b) be the third derivative of -b**6/360 + b**5/30 - b**4/8 - b**3/2 - 3*b**2. Let v(k) be the first derivative of g(k). What is v(3)?
0
Let c(n) = -n**3 + 6*n**2 - 5*n - 6. Suppose -3*i = 5*s - 14 - 1, -3*s = 4*i - 20. Calculate c(i).
-6
Let n(g) be the third derivative of -g**5/60 + 7*g**4/24 - 7*g**3/6 - 3*g**2. What is n(5)?
3
Let m be (-7)/(-2) - 2/(-4). Let g(l) = -11*l**2 - 14*l + 25. Let b(h) = -5*h**2 - 7*h + 12. Let c(i) = -13*b(i) + 6*g(i). Give c(m).
6
Let o(j) = -j**2 + 3. Let x(y) = -y**2 + 3*y + 24. Let r be x(7). What is o(r)?
-13
Let k(s) = 4*s. Let a be k(1). Let i(u) = u - 3. Determine i(a).
1
Let s(z) = z + 9. Let x be s(-4). Suppose 5*n + h = -44, -x*n - 71 = 5*h - 11. Let g(d) = d**2 + 8*d + 1. Let u be g(n). Let k(l) = 12*l - 1. Give k(u).
11
Let r(b) = -2*b**2 + b + 1. Let p(f) = 3*f**2 - 2*f - 1. Let s(x) = 3*p(x) + 2*r(x). Let l(o) = 11*o**2 - 9*o - 2. Let u(n) = -3*l(n) + 7*s(n). Calculate u(2).
5
Let r(j) = j - 3. Suppose -3*v + 8 + 10 = 0. Calculate r(v).
3
Let b(g) = g**3 + 4*g**2 - 8*g - 7. Let q = 11 + -6. Let p = q + -10. Calculate b(p).
8
Let t(d) = d**2 + 2*d - 2. Let i be t(-3). Let b be 3/6*4 + i. Suppose -22 = -3*q + q - 3*v, 4*q - 8 = b*v. Let g(f) = -f**3 + 5*f**2 - f + 1. Give g(q).
-4
Let x(w) = -w**3 + 2*w**2 + 3*w - 3. Let q(r) = r**3 - 6*r**2 + 9*r - 17. Let p be q(5). Calculate x(p).
-3
Let t be 24/(-9)*3/2. Let u(p) be the third derivative of p**4/24 + p**3/6 + 5*p**2. Calculate u(t).
-3
Suppose 2*i - v - 10 = 0, -v = -5*i + v + 23. Let x(n) = 2*n - 4. What is x(i)?
2
Let q(l) = -7*l - 5. Let m(u) = -4*u - 3. Let g(a) = 5*m(a) - 3*q(a). Let j(n) = 7*n - 1. Let c(d) = -5*g(d) + j(d). Calculate c(-1).
-3
Let s(i) = i**2 + 7*i + 11. Let h(j) = -j - 1. Let f(t) = 6*h(t) + s(t). Give f(0).
5
Let c = 68 - 67. Let r(y) = 6 - y - 3 - 2 - 7*y**2. Let o(v) = v**2 - v. Let d(k) = o(k) - r(k). What is d(c)?
7
Let o(p) = p**3 - p**2 - 7. Let x(y) be the second derivative of -y**3/6 - 7*y**2/2 - y. Let u be 1/(-4) + (-54)/8. Let d be x(u). Calculate o(d).
-7
Let f(c) = 0 + 1 + 2*c - 3*c. Let t(m) = -m**3 - m**2 - m. Let w be t(0). Give f(w).
1
Suppose -3*o - 6 = 0, 2*z + 3*o - 2 = z. Suppose -4*r = -z*r + 40. Let d = 4 - r. Let f(j) = -j**3 - 5*j**2 + 5*j - 7. Determine f(d).
-1
Let o(f) be the third derivative of -f**4/24 - f**3/6 - 15*f**2. Suppose -12 = 3*c, -6 = 3*p + 3*c - 0. Give o(p).
-3
Let i(s) = s**2 + 4*s + 3. Let g be i(-3). Let y(o) = -3 + 7 + g*o - 2*o. Suppose -2*m = -5*n + 43 - 17, 0 = 3*n - 2*m - 18. Calculate y(n).
-4
Let s(c) = -c**2 - 11*c - 8. Let o be s(-10). Let r(a) = -2*a**3 + 1 + a**2 - 8*a**2 - 8 + 3*a**3 + o*a. Give r(7).
7
Suppose 5*n - 2 = 8. Let q(t) = t**2 - 4*t + 1. Let a(u) = 4*u**2 - 21*u + 6. Let g(m) = 2*a(m) - 11*q(m). What is g(n)?
-7
Let n(z) = -z. Suppose -a - 3 = -4*a. Let d = a + -1. Give n(d).
0
Let d